{"id":725,"date":"2020-04-21T13:23:29","date_gmt":"2020-04-21T13:23:29","guid":{"rendered":"http:\/\/nurheute.net.w01a7d73.kasserver.com\/?page_id=725"},"modified":"2020-04-22T16:56:33","modified_gmt":"2020-04-22T16:56:33","slug":"copy","status":"publish","type":"page","link":"http:\/\/nurheute.net\/?page_id=725","title":{"rendered":"Material"},"content":{"rendered":"\n<h1>Das Buch Esther<\/h1>\n\t\t\t\t<img loading=\"lazy\" src=\"http:\/\/nurheute.net.w01a7d73.kasserver.com\/wp-content\/uploads\/2020\/04\/Esther.png\" alt=\"Esther\" itemprop=\"image\" height=\"782\" width=\"844\" title=\"Esther\" onerror=\"this.style.display='none'\">\n\t<h5>Hauptthema des Buches:<\/h5>\n<p>Wenn Gott sich nicht zeigt, die F\u00e4den aber trotzdem zuverl\u00e4ssig in der Hand beh\u00e4lt<\/p>\n<ul>\n<li>Gottes Handschrift hinter der offensichtlichen Geschichte finden<\/li>\n<li>Mut und Vertrauen in ausweglosen Situationen fassen<\/li>\n<li>Fokus auf Gott im Alltag<\/li>\n<\/ul>\n<hr>\n<h5>Das beinhaltet das Material<\/h5>\n<ul>\n<li><s>Einf\u00fchrung<\/s> Entf\u00fchrung in den Text durch kleine Geschichten.<\/li>\n<li>Fragen zur Selbstreflexion<\/li>\n<li>Denkanst\u00f6\u00dfe<\/li>\n<\/ul>\n\t<h5>Downloads<\/h5>\n<ol>\n<li><a href=\"http:\/\/nurheute.net.w01a7d73.kasserver.com\/wp-content\/uploads\/2020\/04\/Esther-11-19.pdf\" target=\"_blank\" rel=\"noopener noreferrer\">Persische N\u00e4chte<\/a> (Esther 1,1-1,9)<\/li>\n<li><a href=\"http:\/\/nurheute.net.w01a7d73.kasserver.com\/wp-content\/uploads\/2020\/04\/Esther-22-218.pdf\">(Un)beherrscht<\/a> (Esther 1,10-2,1)<\/li>\n<li><a href=\"http:\/\/nurheute.net.w01a7d73.kasserver.com\/wp-content\/uploads\/2020\/04\/Esther-110-21-1.pdf\">Warum ich?<\/a> (Esther 2,2 &#8211; 2,18)<\/li>\n<li><a href=\"http:\/\/nurheute.net.w01a7d73.kasserver.com\/wp-content\/uploads\/2020\/04\/Esther-219-223.pdf\">Unbemerkt und ungedankt<\/a> (Esther2,19-2,23)<\/li>\n<\/ol>\n","protected":false},"excerpt":{"rendered":"<p>Das Buch Esther Hauptthema des Buches: Wenn Gott sich nicht zeigt, die F\u00e4den aber trotzdem zuverl\u00e4ssig in der Hand beh\u00e4lt Gottes Handschrift hinter der offensichtlichen Geschichte finden Mut und Vertrauen in ausweglosen Situationen fassen Fokus auf Gott im Alltag Das beinhaltet das Material Einf\u00fchrung Entf\u00fchrung in den Text durch kleine Geschichten. Fragen zur Selbstreflexion Denkanst\u00f6\u00dfe Downloads Persische N\u00e4chte (Esther 1,1-1,9) (Un)beherrscht (Esther 1,10-2,1) Warum ich? (Esther 2,2 &#8211; 2,18) Unbemerkt und ungedankt (Esther2,19-2,23)<\/p>\n","protected":false},"author":2,"featured_media":0,"parent":0,"menu_order":0,"comment_status":"closed","ping_status":"closed","template":"","meta":{"_links_to":"","_links_to_target":""},"acf":[],"_links":{"self":[{"href":"http:\/\/nurheute.net\/index.php?rest_route=\/wp\/v2\/pages\/725"}],"collection":[{"href":"http:\/\/nurheute.net\/index.php?rest_route=\/wp\/v2\/pages"}],"about":[{"href":"http:\/\/nurheute.net\/index.php?rest_route=\/wp\/v2\/types\/page"}],"author":[{"embeddable":true,"href":"http:\/\/nurheute.net\/index.php?rest_route=\/wp\/v2\/users\/2"}],"replies":[{"embeddable":true,"href":"http:\/\/nurheute.net\/index.php?rest_route=%2Fwp%2Fv2%2Fcomments&post=725"}],"version-history":[{"count":17,"href":"http:\/\/nurheute.net\/index.php?rest_route=\/wp\/v2\/pages\/725\/revisions"}],"predecessor-version":[{"id":806,"href":"http:\/\/nurheute.net\/index.php?rest_route=\/wp\/v2\/pages\/725\/revisions\/806"}],"wp:attachment":[{"href":"http:\/\/nurheute.net\/index.php?rest_route=%2Fwp%2Fv2%2Fmedia&parent=725"}],"curies":[{"name":"wp","href":"https:\/\/api.w.org\/{rel}","templated":true}]}}